5, d = -z*i - 3*d + 33. What is the remainder when i is divided by g?
3
Let k be 15*((-16)/6 - -3). Suppose 0*c + k*c = 80. What is the remainder when 47 is divided by c?
15
Let v(f) = -2*f - 10. Let g be v(-7). Suppose -4*j = h + 13, -h + g*j + 19 = -8. What is the remainder when h is divided by 3?
1
Suppose 3*x + 19 - 109 = 0. Calculate the remainder when 87 is divided by x.
27
Let l(g) = 5*g + 3. Let h = 99 - 64. What is the remainder when h is divided by l(3)?
17
Let o(c) be the first derivative of -c**3/3 + 5*c**2 - 12*c + 8. What is the remainder when 35 is divided by o(6)?
11
Suppose 5*m + 85 = -2*y + 6*y, -4*y + 4*m = -80. Suppose -4*d + 3 + 21 = 0. Calculate the remainder when y is divided by d.
3
Let y = -201 + 208. What is the remainder when 8 is divided by y?
1
Suppose 0 = 5*f - 10 - 0. Suppose -13*t - 13*t + 52 = 0. What is the remainder when f is divided by t?
0
Let k = 21 + -6. Suppose 5*f - 35 = k. Suppose -3*l + 27 = -3*g - 0*g, -5*g = 5*l - 15. Calculate the remainder when f is divided by l.
4
Let v = 56 - 33. What is the remainder when v is divided by 8?
7
Suppose -2*y - 2*r = -50, -1 = -4*r + 5*r. What is the remainder when 24 is divided by (0 - 3)*y/(-6)?
11
Suppose 2*s + 5 = -3*s - 5*i, -i = -4*s - 4. Let o be (s + -1 - 0) + 0. What is the remainder when 13 is divided by (-21)/(6/o) - 0?
6
Let c be ((-12)/(-9))/((-4)/(-6)). Calculate the remainder when 28 is divided by 2*(c + 0) + 6.
8
Let b(i) = -i**2 - i. Let x(t) = -5*t**2 + 3*t + 1. Let j(o) = 4*b(o) - x(o). What is the remainder when 12 is divided by j(8)?
5
Calculate the remainder when 218 is divided by (6 - 10) + -1 + 27.
20
Suppose -5*k + 3*s + 50 = 7*s, -4*k + 2*s + 40 = 0. Suppose 0 = 2*z - 2 - 10. Calculate the remainder when k is divided by z.
4
Let m = -58 - -96. Calculate the remainder when m is divided by 13.
12
Let l(v) = v**2 + 6*v + 3. Let s be l(-6). Suppose -s*x = -4*x - t + 2, 4*x + 28 = 5*t. Calculate the remainder when 56 is divided by 19*(-1)/(x + 1).
18
Suppose 0 = -f - 2*f - 18. Let j(a) = -a**2 - 3*a + 5. Let v be j(f). Calculate the remainder when 12 is divided by (-1)/(-2)*(1 - v).
5
Suppose 2*w - w = -3. Let d(i) = -i**2 - 7*i - 4. Let p be d(w). Let t = 12 + p. Calculate the remainder when t is divided by 7.
6
Let v(s) = 27*s - 2. What is the remainder when v(2) is divided by 6?
4
Suppose 3*u - 16 = 20. Let p(w) = 4*w**3 - 2*w**2 - w - 1. What is the remainder when p(2) is divided by u?
9
What is the remainder when ((-304)/(-95))/(1/((-10)/(-4))) is divided by 15*-1*(-1)/3?
3
Suppose r + 20 = 2*r. Suppose s = l - 2*l + r, 5*l + 10 = 0. Let v = -16 + s. Calculate the remainder when v is divided by 4.
2
Let z = -54 + 86. Let h be -2 + (-12)/(-5 - -2). Suppose -2*u + 44 = h*u. What is the remainder when z is divided by u?
10
Suppose -5*h + 34 + 1 = 0. Let x(l) = -3*l + 1. Let s be x(-6). Let w = s - h. What is the remainder when 35 is divided by w?
11
Let w(f) be the first derivative of f**3/3 - 2*f + 1. Let s = -30 + 56. What is the remainder when s is divided by w(4)?
12
Let i = 59 - 27. What is the remainder when 78 is divided by i?
14
Suppose 0*w = 5*w + 3*v - 70, 0 = 5*v. Calculate the remainder when 26 is divided by w.
12
Let d be (-981)/(-36) + (-1)/4. Let z = -23 + d. What is the remainder when 7 is divided by z?
3
Suppose -c - 1 = -5*a, -1 = 2*a + 2*c + 1. Let f(g) = -g**3 - g**2 + 26. Let l be f(a). Calculate the remainder when (-4)/(-1) + -3 + l is divided by 10.
7
Let z = 35 + -21. Let b(s) = -s**3 - 11*s**2 + 11*s - 4. Calculate the remainder when z is divided by b(-12).
6
Let b be (-1)/4 + 111/12. Let i = 3 + b. Calculate the remainder when 44 is divided by i.
8
Let c(m) = m**3 - 5*m**2 - 5*m - 2. What is the remainder when 10 is divided by c(6)?
2
Let b(o) = -5*o**2 + o + 3. Let u be b(-2). Let l = 70 + u. Calculate the remainder when l is divided by 13.
12
Let b(w) be the first derivative of w**3/3 + 9*w**2/2 + 13*w + 1. Let u be -7 + 1 + -3 - 0. Calculate the remainder when b(u) is divided by 5.
3
Let s(i) = 2*i**2 - 2*i. Let u be s(2). Let f(c) = -c**2 + c + 1. Let l be f(0). Let k = u + l. What is the remainder when 9 is divided by k?
4
Let x = -99 + 204. What is the remainder when x is divided by 28?
21
Suppose 3*h + h - 108 = 0. Suppose -4*k - h = -7*k. Calculate the remainder when 17 is divided by k.
8
Let v(d) = d**3 - 6*d**2 + 4*d + 4. Let x be v(5). What is the remainder when 46 is divided by (x - 99/(-3))/2?
14
Let b(s) = s**2 - 11*s + 11. What is the remainder when (32 - 3) + 4/2 is divided by b(11)?
9
Let m = 20 - 50. Let x = 44 + m. Suppose 0*a - 2*a + 106 = 0. Calculate the remainder when a is divided by x.
11
Let x = 103 + -90. Calculate the remainder when 141 is divided by x.
11
Suppose 2*x - 34 = -u, x - u - 14 - 6 = 0. What is the remainder when x is divided by 11?
7
Suppose -2*y = -2*z - 3*y + 12, 0 = 2*z + 2*y - 14. Let f = z + 0. Calculate the remainder when 18 is divided by f.
3
Let v be (-4)/(-2) + 4/2. Suppose 0 = v*f - 197 - 87. Suppose 0 = 3*h + 2*p - 6*p - 52, -f = -4*h + 5*p. What is the remainder when h is divided by 13?
11
Suppose -b + 19 = -1. Suppose b = -m + 2*m. What is the remainder when 59 is divided by m?
19
Suppose -3*m = -5*g + 240, -7*g + m = -2*g - 240. Let h = g - 27. What is the remainder when h is divided by 6?
3
Let g = -4 - -4. Let d(q) = q + 10. Calculate the remainder when (-4)/22 - (-200)/11 is divided by d(g).
8
Let v(d) = 2*d + 8. Let g(c) = -c**3 - 3*c**2 - c + 3. Let m be g(-3). Let j be 2/m*3*9. What is the remainder when v(j) is divided by 14?
12
Suppose -4*t + o = -457 - 54, 0 = 4*t + 5*o - 517. What is the remainder when 18/(-9) + t/1 is divided by 32?
30
Suppose 2*b = -3*c + 18, 5*c + 3*b = 2*c + 18. Calculate the remainder when 16 is divided by c.
4
Let k = 81 + -55. What is the remainder when k is divided by (-30)/(-3) - (-2)/(-2)?
8
Suppose 4*r - 5*r + 58 = 3*f, 4*f = -2*r + 114. Calculate the remainder when r is divided by 19.
17
Suppose 4*h - 8 = f, 2*f + 4*h + 0*h - 44 = 0. Calculate the remainder when f is divided by 5.
2
Let b = -1 - -1. Suppose b = s + 3 - 7. Suppose 5*o - h = 55, -s*o + 45 = 4*h + 1. Calculate the remainder when 21 is divided by o.
10
Let h = -13 + 17. Suppose -f + 33 = h*s, -s - 40 = -5*f + 4*s. Calculate the remainder when 38 is divided by f.
12
Let a be 12/(-16)*4*1. Let f = a - -14. Let i = -45 + 77. Calculate the remainder when i is divided by f.
10
Suppose -5*k - 4*n + 5 = 0, -4 = -2*k - 2*n - 2. Let r = 2 + k. Calculate the remainder when r is divided by 2.
1
Let a = 32 - 14. What is the remainder when 51 is divided by a?
15
Suppose -26 = -4*x - 2. Suppose -2*r + 1 + 7 = 0. Suppose 0 = r*j + 2*j - 90. Calculate the remainder when j is divided by x.
3
Suppose 0 = -4*f + 9 + 3, -5*k = -3*f - 66. Calculate the remainder when 19 is divided by k.
4
Let s(p) = 2 + p**3 + 3 - 2. Let j be s(0). Suppose -2*l - 11 = -j*l. What is the remainder when 32 is divided by l?
10
Suppose 0 = -4*u + c - 0*c + 73, 0 = -5*u - c + 98. Let s = u + 0. Calculate the remainder when s is divided by 10.
9
Suppose 0 = -2*b + 10 - 0. Calculate the remainder when 8 is divided by b.
3
Let d(t) = t**3 - 2*t**2 + 2*t + 1. What is the remainder when 15 is divided by d(2)?
0
Let n(d) = d**2 - d - 2. What is the remainder when 37 is divided by n(4)?
7
Let w(x) = -x**3 - 9*x**2 + 7*x - 11. Suppose 18 = 2*m - 22. Let h = -30 + m. What is the remainder when 36 is divided by w(h)?
17
Let y be 11/3 - 2/(-6). Suppose 4 = -y*l + 56. Suppose 190 = 36*k - 31*k. Calculate the remainder when k is divided by l.
12
Let t(x) = 2*x**2 - 10*x + 7. Let m(a) = a**2 - a + 1. Let w be (-3)/9*(0 + -3). Let p(u) = w*t(u) - 3*m(u). Calculate the remainder when 7 is divided by p(-7).
3
Suppose 109 - 101 = c. Calculate the remainder when 30 is divided by c.
6
Let k = 331 - 218. Suppose -3*i - 3*l = i - k, 3*l = i - 17. Suppose 4*z - 84 = -2*z. What is the remainder when i is divided by z?
12
Suppose c = -3 - 3. Let q be (20/c)/(7/21). Let n = q + 31. Calculate the remainder when n is divided by 11.
10
Let j(y) = 2*y**3 - 3*y**2 - 2*y - 3. Suppose -4 + 13 = 3*n. Calculate the remainder when j(n) is divided by 7.
4
Let m(n) = 7*n - 2 + 2*n**2 + 2*n + 2*n + 11. Calculate the remainder when m(-8) is